{"id":812,"date":"2021-05-03T09:51:31","date_gmt":"2021-05-03T07:51:31","guid":{"rendered":"https:\/\/www.billaud-designdespace.fr\/accueil\/?page_id=812"},"modified":"2021-09-16T16:08:41","modified_gmt":"2021-09-16T14:08:41","slug":"mentions-legales","status":"publish","type":"page","link":"https:\/\/www.billauddesign.com\/accueil\/mentions-legales\/","title":{"rendered":"Mentions L\u00e9gales"},"content":{"rendered":"\t\t<div data-elementor-type=\"wp-page\" data-elementor-id=\"812\" class=\"elementor elementor-812\" data-elementor-post-type=\"page\">\n\t\t\t\t\t\t<section class=\"elementor-section elementor-top-section elementor-element elementor-element-19d852c elementor-section-full_width elementor-section-height-default elementor-section-height-default\" data-id=\"19d852c\" data-element_type=\"section\">\n\t\t\t\t\t\t<div class=\"elementor-container elementor-column-gap-no\">\n\t\t\t\t\t<div class=\"elementor-column elementor-col-100 elementor-top-column elementor-element elementor-element-20fa485\" data-id=\"20fa485\" data-element_type=\"column\">\n\t\t\t<div class=\"elementor-widget-wrap elementor-element-populated\">\n\t\t\t\t\t\t<div class=\"elementor-element elementor-element-4d1c1db elementor-widget elementor-widget-heading\" data-id=\"4d1c1db\" data-element_type=\"widget\" data-widget_type=\"heading.default\">\n\t\t\t\t<div class=\"elementor-widget-container\">\n\t\t\t\t\t<h1 class=\"elementor-heading-title elementor-size-default\">Mentions L\u00e9gales\u200b<\/h1>\t\t\t\t<\/div>\n\t\t\t\t<\/div>\n\t\t\t\t\t<\/div>\n\t\t<\/div>\n\t\t\t\t\t<\/div>\n\t\t<\/section>\n\t\t\t\t<section class=\"elementor-section elementor-top-section elementor-element elementor-element-a4a1aa0 elementor-section-boxed elementor-section-height-default elementor-section-height-default\" data-id=\"a4a1aa0\" data-element_type=\"section\">\n\t\t\t\t\t\t<div class=\"elementor-container elementor-column-gap-default\">\n\t\t\t\t\t<div class=\"elementor-column elementor-col-100 elementor-top-column elementor-element elementor-element-b686b81\" data-id=\"b686b81\" data-element_type=\"column\">\n\t\t\t<div class=\"elementor-widget-wrap elementor-element-populated\">\n\t\t\t\t\t\t<div class=\"elementor-element elementor-element-d294390 elementor-widget elementor-widget-text-editor\" data-id=\"d294390\" data-element_type=\"widget\" data-widget_type=\"text-editor.default\">\n\t\t\t\t<div class=\"elementor-widget-container\">\n\t\t\t\t\t\t\t\t\t<p><strong><em>Ce site a \u00e9t\u00e9 cr\u00e9\u00e9 par l\u2019agence AIOLI dont le si\u00e8ge est bas\u00e9 au 49 Boulevard Amp\u00e8re 85100 Les Sables d\u2019Olonne. (<a style=\"color: #7a7a7a;\" href=\"http:\/\/aioli-digital.com\">http:\/\/aioli-digital.com<\/a>\/)<\/em><\/strong><\/p><p>\u00a0<\/p><h3>VOUS POUVEZ NOUS CONTACTER<\/h3><p>2 rue Benjamin Franklin Z.A. Les Petites Bazini\u00e8res<br \/>85000 La Roche-sur-Yon<br \/>02 51 62 14 86<br \/>contact@billauddesign.fr<\/p><p>\u00a0<\/p><h3>H\u00c9BERGEMENT DU SITE<\/h3><p>OVH \u2013 SAS au capital de 10 069 020 \u20ac<br \/>RCS Lille M\u00e9tropole 424 761 419 00045<br \/>Code APE 2620Z<br \/>N\u00b0 TVA : FR 22 424 761 419<br \/>Si\u00e8ge social : 2 rue Kellermann \u2013 59100 Roubaix \u2013 France<\/p>\t\t\t\t\t\t\t\t<\/div>\n\t\t\t\t<\/div>\n\t\t\t\t\t<\/div>\n\t\t<\/div>\n\t\t\t\t\t<\/div>\n\t\t<\/section>\n\t\t\t\t<section class=\"elementor-section elementor-top-section elementor-element elementor-element-0c11c1b elementor-section-full_width elementor-section-height-default elementor-section-height-default\" data-id=\"0c11c1b\" data-element_type=\"section\">\n\t\t\t\t\t\t<div class=\"elementor-container elementor-column-gap-no\">\n\t\t\t\t\t<div class=\"elementor-column elementor-col-100 elementor-top-column elementor-element elementor-element-657d00c\" data-id=\"657d00c\" data-element_type=\"column\">\n\t\t\t<div class=\"elementor-widget-wrap elementor-element-populated\">\n\t\t\t\t\t\t<div class=\"elementor-element elementor-element-7432505 elementor-widget elementor-widget-heading\" data-id=\"7432505\" data-element_type=\"widget\" data-widget_type=\"heading.default\">\n\t\t\t\t<div class=\"elementor-widget-container\">\n\t\t\t\t\t<h2 class=\"elementor-heading-title elementor-size-default\">PROTECTION DES DONN\u00c9ES PERSONNELLES\u200b<\/h2>\t\t\t\t<\/div>\n\t\t\t\t<\/div>\n\t\t\t\t\t<\/div>\n\t\t<\/div>\n\t\t\t\t\t<\/div>\n\t\t<\/section>\n\t\t\t\t<section class=\"elementor-section elementor-top-section elementor-element elementor-element-ab7e0ea elementor-section-boxed elementor-section-height-default elementor-section-height-default\" data-id=\"ab7e0ea\" data-element_type=\"section\">\n\t\t\t\t\t\t<div class=\"elementor-container elementor-column-gap-default\">\n\t\t\t\t\t<div class=\"elementor-column elementor-col-100 elementor-top-column elementor-element elementor-element-8cabd2d\" data-id=\"8cabd2d\" data-element_type=\"column\">\n\t\t\t<div class=\"elementor-widget-wrap elementor-element-populated\">\n\t\t\t\t\t\t<div class=\"elementor-element elementor-element-a57fa79 elementor-widget elementor-widget-text-editor\" data-id=\"a57fa79\" data-element_type=\"widget\" data-widget_type=\"text-editor.default\">\n\t\t\t\t<div class=\"elementor-widget-container\">\n\t\t\t\t\t\t\t\t\t<p>BILLAUD DESIGN s\u2019engage \u00e0 ce que les traitements de donn\u00e9es personnelles effectu\u00e9s sur le site web BILLAUD DESIGN soient conformes au r\u00e8glement g\u00e9n\u00e9ral sur la protection des donn\u00e9es (RGPD) et \u00e0 la loi Informatique et Libert\u00e9s.<\/p><h3>POLITIQUE DE PROTECTION DES DONN\u00c9ES<\/h3><p>Chaque service en ligne limite la collecte des donn\u00e9es personnelles au strict n\u00e9cessaire (minimisation des donn\u00e9es) et s\u2019accompagne d\u2019une information sur :<\/p><ul><li>le responsable du traitement et les objectifs du recueil de ces donn\u00e9es (finalit\u00e9s) ;<\/li><li>la base juridique du traitement de donn\u00e9es ;<\/li><li>le caract\u00e8re obligatoire ou facultatif du recueil des donn\u00e9es pour la gestion de votre demande et le rappel des cat\u00e9gories de donn\u00e9es trait\u00e9es ;<\/li><li>la source des donn\u00e9es (lorsque d\u2019autres donn\u00e9es que celles fournies via le service en ligne sont utilis\u00e9es pour<\/li><li>le traitement de votre demande) ;<\/li><li>les cat\u00e9gories de personnes concern\u00e9es ;<\/li><li>les destinataires des donn\u00e9es<\/li><li>la dur\u00e9e de conservation des donn\u00e9es ;<\/li><li>les mesures de s\u00e9curit\u00e9 (description g\u00e9n\u00e9rale) ;<\/li><li>l\u2019existence \u00e9ventuelle de transferts de donn\u00e9es hors de l\u2019Union europ\u00e9enne ou de prises de d\u00e9cision automatis\u00e9es ;<\/li><li>vos droits Informatique et Libert\u00e9s et la fa\u00e7on de les exercer aupr\u00e8s de la CNIL.<\/li><\/ul><p>Les donn\u00e9es personnelles recueillies dans le cadre des services propos\u00e9s sur le site web BILLAUD DESIGN sont trait\u00e9es selon des protocoles s\u00e9curis\u00e9s et permettent \u00e0 BILLAUD DESIGN de g\u00e9rer les demandes re\u00e7ues dans ses applications informatiques.<\/p><h3>EXERCER VOS DROITS<\/h3><p>Pour toute information ou exercice de vos droits Informatique et Libert\u00e9s sur les traitements de donn\u00e9es personnelles g\u00e9r\u00e9s par BILLAUD DESIGN vous pouvez contacter son d\u00e9l\u00e9gu\u00e9 \u00e0 la protection des donn\u00e9es (DPO) :<\/p><p>Par mail : contact@billauddesign.fr<\/p>\t\t\t\t\t\t\t\t<\/div>\n\t\t\t\t<\/div>\n\t\t\t\t\t<\/div>\n\t\t<\/div>\n\t\t\t\t\t<\/div>\n\t\t<\/section>\n\t\t\t\t<section class=\"elementor-section elementor-top-section elementor-element elementor-element-3efc86e elementor-section-full_width elementor-section-height-default elementor-section-height-default\" data-id=\"3efc86e\" data-element_type=\"section\">\n\t\t\t\t\t\t<div class=\"elementor-container elementor-column-gap-no\">\n\t\t\t\t\t<div class=\"elementor-column elementor-col-100 elementor-top-column elementor-element elementor-element-78051a6\" data-id=\"78051a6\" data-element_type=\"column\">\n\t\t\t<div class=\"elementor-widget-wrap elementor-element-populated\">\n\t\t\t\t\t\t<div class=\"elementor-element elementor-element-a5c9268 elementor-widget elementor-widget-heading\" data-id=\"a5c9268\" data-element_type=\"widget\" data-widget_type=\"heading.default\">\n\t\t\t\t<div class=\"elementor-widget-container\">\n\t\t\t\t\t<h2 class=\"elementor-heading-title elementor-size-default\">A PROPOS DES COOKIES\u200b\u200b<\/h2>\t\t\t\t<\/div>\n\t\t\t\t<\/div>\n\t\t\t\t\t<\/div>\n\t\t<\/div>\n\t\t\t\t\t<\/div>\n\t\t<\/section>\n\t\t\t\t<section class=\"elementor-section elementor-top-section elementor-element elementor-element-a0b72be elementor-section-boxed elementor-section-height-default elementor-section-height-default\" data-id=\"a0b72be\" data-element_type=\"section\">\n\t\t\t\t\t\t<div class=\"elementor-container elementor-column-gap-default\">\n\t\t\t\t\t<div class=\"elementor-column elementor-col-100 elementor-top-column elementor-element elementor-element-bfd0f61\" data-id=\"bfd0f61\" data-element_type=\"column\">\n\t\t\t<div class=\"elementor-widget-wrap elementor-element-populated\">\n\t\t\t\t\t\t<div class=\"elementor-element elementor-element-b86e9cc elementor-widget elementor-widget-text-editor\" data-id=\"b86e9cc\" data-element_type=\"widget\" data-widget_type=\"text-editor.default\">\n\t\t\t\t<div class=\"elementor-widget-container\">\n\t\t\t\t\t\t\t\t\t<p>Nous utilisons diff\u00e9rents cookies sur le site pour am\u00e9liorer l\u2019interactivit\u00e9 du site et nos services.<\/p><p>\u00a0<\/p><h3>QU\u2019EST CE QU\u2019UN \u00ab\u00a0COOKIE\u00a0\u00bb ?<\/h3><p>Un \u00ab cookie \u00bb est une suite d\u2019informations, g\u00e9n\u00e9ralement de petite taille et identifi\u00e9 par un nom, qui peut \u00eatre transmis \u00e0 votre navigateur par un site web sur lequel vous vous connectez. Votre navigateur web le conservera pendant une certaine dur\u00e9e, et le renverra au serveur web chaque fois que vous vous y re-connecterez. Les cookies ont de multiples usages : ils peuvent servir \u00e0 m\u00e9moriser votre identifiant client aupr\u00e8s d\u2019un site marchand, le contenu courant de votre panier d\u2019achat, un identifiant permettant de tracer votre navigation pour des finalit\u00e9s statistiques ou publicitaires, etc.<\/p><p>3 types de cookies sont d\u00e9pos\u00e9s sur le site :<\/p><p>\u00a0<\/p><h3><strong>Cookies internes n\u00e9cessaires au site pour fonctionner<\/strong><\/h3><p>Ces cookies permettent au site de fonctionner de mani\u00e8re optimale. Vous pouvez vous y opposer et les supprimer en utilisant les param\u00e8tres de votre navigateur, cependant votre exp\u00e9rience utilisateur risque d\u2019\u00eatre d\u00e9grad\u00e9e.<\/p><p>\u00a0<\/p><h3>Cookies de mesure d\u2019audience<\/h3><p>En vue d\u2019adapter le site aux demandes de ses visiteurs, nous mesurons le nombre de visites, le nombre de pages vues ainsi que l\u2019activit\u00e9 des visiteurs sur le site et leur fr\u00e9quence de retour.<br \/>Google Analytics, l\u2019outil de statistiques utilis\u00e9 par BILLAUD DESIGN g\u00e9n\u00e8re des cookies.<br \/>Vous pouvez choisir de refuser les cookies et l\u2019analyse statistique de vos donn\u00e9es de navigation.<\/p><p><strong>Cookies tiers destin\u00e9s \u00e0 am\u00e9liorer l\u2019interactivit\u00e9 du site<\/strong><br \/>Le site s\u2019appuie sur certains services propos\u00e9s par des sites tiers. Il s\u2019agit notamment :<\/p><ul><li>Des boutons de partage (twitter et facebook)<\/li><li>Des vid\u00e9os diffus\u00e9es sur le site (youtube, dailymotion)<\/li><\/ul><p>Ces fonctionnalit\u00e9s utilisent des cookies tiers directement d\u00e9pos\u00e9s par ces services. Lors de votre premi\u00e8re visite sur le site web BILLAUD DESIGN un bandeau vous informe de la pr\u00e9sence de ces cookies et vous invite \u00e0 indiquer votre choix. Ils ne sont d\u00e9pos\u00e9s que si vous les acceptez ou que vous poursuivez votre navigation sur le site en visitant une seconde page du site web BILLAUD DESIGN.<\/p><p>Vous pouvez \u00e0 tout moment vous informer et param\u00e9trer vos cookies pour les accepter ou les refuser en vous rendant sur la page [RGPD] pr\u00e9sente en bas de chaque page du site. Vous pourrez indiquer votre pr\u00e9f\u00e9rence soit globalement pour le site, soit service par service.<\/p>\t\t\t\t\t\t\t\t<\/div>\n\t\t\t\t<\/div>\n\t\t\t\t\t<\/div>\n\t\t<\/div>\n\t\t\t\t\t<\/div>\n\t\t<\/section>\n\t\t\t\t<\/div>\n\t\t","protected":false},"excerpt":{"rendered":"<p>Mentions L\u00e9gales\u200b Ce site a \u00e9t\u00e9 cr\u00e9\u00e9 par l\u2019agence AIOLI dont le si\u00e8ge est bas\u00e9 au 49 Boulevard Amp\u00e8re 85100 Les Sables d\u2019Olonne. (http:\/\/aioli-digital.com\/) \u00a0 VOUS POUVEZ NOUS CONTACTER 2 rue Benjamin Franklin Z.A. Les Petites Bazini\u00e8res85000 La Roche-sur-Yon02 51 62 14 86contact@billauddesign.fr \u00a0 H\u00c9BERGEMENT DU SITE OVH \u2013 SAS au capital de 10 069 [&hellip;]<\/p>\n","protected":false},"author":1,"featured_media":0,"parent":0,"menu_order":0,"comment_status":"closed","ping_status":"closed","template":"elementor_header_footer","meta":{"_acf_changed":false,"ocean_post_layout":"","ocean_both_sidebars_style":"","ocean_both_sidebars_content_width":0,"ocean_both_sidebars_sidebars_width":0,"ocean_sidebar":"0","ocean_second_sidebar":"0","ocean_disable_margins":"enable","ocean_add_body_class":"","ocean_shortcode_before_top_bar":"","ocean_shortcode_after_top_bar":"","ocean_shortcode_before_header":"","ocean_shortcode_after_header":"","ocean_has_shortcode":"","ocean_shortcode_after_title":"","ocean_shortcode_before_footer_widgets":"","ocean_shortcode_after_footer_widgets":"","ocean_shortcode_before_footer_bottom":"","ocean_shortcode_after_footer_bottom":"","ocean_display_top_bar":"default","ocean_display_header":"default","ocean_header_style":"","ocean_center_header_left_menu":"0","ocean_custom_header_template":"0","ocean_custom_logo":0,"ocean_custom_retina_logo":0,"ocean_custom_logo_max_width":0,"ocean_custom_logo_tablet_max_width":0,"ocean_custom_logo_mobile_max_width":0,"ocean_custom_logo_max_height":0,"ocean_custom_logo_tablet_max_height":0,"ocean_custom_logo_mobile_max_height":0,"ocean_header_custom_menu":"0","ocean_menu_typo_font_family":"0","ocean_menu_typo_font_subset":"","ocean_menu_typo_font_size":0,"ocean_menu_typo_font_size_tablet":0,"ocean_menu_typo_font_size_mobile":0,"ocean_menu_typo_font_size_unit":"px","ocean_menu_typo_font_weight":"","ocean_menu_typo_font_weight_tablet":"","ocean_menu_typo_font_weight_mobile":"","ocean_menu_typo_transform":"","ocean_menu_typo_transform_tablet":"","ocean_menu_typo_transform_mobile":"","ocean_menu_typo_line_height":0,"ocean_menu_typo_line_height_tablet":0,"ocean_menu_typo_line_height_mobile":0,"ocean_menu_typo_line_height_unit":"","ocean_menu_typo_spacing":0,"ocean_menu_typo_spacing_tablet":0,"ocean_menu_typo_spacing_mobile":0,"ocean_menu_typo_spacing_unit":"","ocean_menu_link_color":"","ocean_menu_link_color_hover":"","ocean_menu_link_color_active":"","ocean_menu_link_background":"","ocean_menu_link_hover_background":"","ocean_menu_link_active_background":"","ocean_menu_social_links_bg":"","ocean_menu_social_hover_links_bg":"","ocean_menu_social_links_color":"","ocean_menu_social_hover_links_color":"","ocean_disable_title":"default","ocean_disable_heading":"default","ocean_post_title":"","ocean_post_subheading":"","ocean_post_title_style":"","ocean_post_title_background_color":"","ocean_post_title_background":0,"ocean_post_title_bg_image_position":"","ocean_post_title_bg_image_attachment":"","ocean_post_title_bg_image_repeat":"","ocean_post_title_bg_image_size":"","ocean_post_title_height":0,"ocean_post_title_bg_overlay":0.5,"ocean_post_title_bg_overlay_color":"","ocean_disable_breadcrumbs":"default","ocean_breadcrumbs_color":"","ocean_breadcrumbs_separator_color":"","ocean_breadcrumbs_links_color":"","ocean_breadcrumbs_links_hover_color":"","ocean_display_footer_widgets":"default","ocean_display_footer_bottom":"default","ocean_custom_footer_template":"0","footnotes":""},"class_list":["post-812","page","type-page","status-publish","hentry","entry","owp-thumbs-layout-horizontal","owp-btn-normal","owp-tabs-layout-horizontal","has-no-thumbnails","has-product-nav"],"acf":[],"yoast_head":"<!-- This site is optimized with the Yoast SEO plugin v25.8 - https:\/\/yoast.com\/wordpress\/plugins\/seo\/ -->\n<title>Mentions L\u00e9gales - Billaud Design<\/title>\n<meta name=\"robots\" content=\"index, follow, max-snippet:-1, max-image-preview:large, max-video-preview:-1\" \/>\n<link rel=\"canonical\" href=\"https:\/\/www.billauddesign.com\/accueil\/mentions-legales\/\" \/>\n<meta property=\"og:locale\" content=\"fr_FR\" \/>\n<meta property=\"og:type\" content=\"article\" \/>\n<meta property=\"og:title\" content=\"Mentions L\u00e9gales - Billaud Design\" \/>\n<meta property=\"og:description\" content=\"Mentions L\u00e9gales\u200b Ce site a \u00e9t\u00e9 cr\u00e9\u00e9 par l\u2019agence AIOLI dont le si\u00e8ge est bas\u00e9 au 49 Boulevard Amp\u00e8re 85100 Les Sables d\u2019Olonne. (http:\/\/aioli-digital.com\/) \u00a0 VOUS POUVEZ NOUS CONTACTER 2 rue Benjamin Franklin Z.A. Les Petites Bazini\u00e8res85000 La Roche-sur-Yon02 51 62 14 86contact@billauddesign.fr \u00a0 H\u00c9BERGEMENT DU SITE OVH \u2013 SAS au capital de 10 069 [&hellip;]\" \/>\n<meta property=\"og:url\" content=\"https:\/\/www.billauddesign.com\/accueil\/mentions-legales\/\" \/>\n<meta property=\"og:site_name\" content=\"Billaud Design\" \/>\n<meta property=\"article:modified_time\" content=\"2021-09-16T14:08:41+00:00\" \/>\n<meta name=\"twitter:card\" content=\"summary_large_image\" \/>\n<meta name=\"twitter:label1\" content=\"Dur\u00e9e de lecture estim\u00e9e\" \/>\n\t<meta name=\"twitter:data1\" content=\"4 minutes\" \/>\n<script type=\"application\/ld+json\" class=\"yoast-schema-graph\">{\"@context\":\"https:\/\/schema.org\",\"@graph\":[{\"@type\":\"WebPage\",\"@id\":\"https:\/\/www.billauddesign.com\/accueil\/mentions-legales\/\",\"url\":\"https:\/\/www.billauddesign.com\/accueil\/mentions-legales\/\",\"name\":\"Mentions L\u00e9gales - Billaud Design\",\"isPartOf\":{\"@id\":\"https:\/\/www.billauddesign.com\/accueil\/#website\"},\"datePublished\":\"2021-05-03T07:51:31+00:00\",\"dateModified\":\"2021-09-16T14:08:41+00:00\",\"breadcrumb\":{\"@id\":\"https:\/\/www.billauddesign.com\/accueil\/mentions-legales\/#breadcrumb\"},\"inLanguage\":\"fr-FR\",\"potentialAction\":[{\"@type\":\"ReadAction\",\"target\":[\"https:\/\/www.billauddesign.com\/accueil\/mentions-legales\/\"]}]},{\"@type\":\"BreadcrumbList\",\"@id\":\"https:\/\/www.billauddesign.com\/accueil\/mentions-legales\/#breadcrumb\",\"itemListElement\":[{\"@type\":\"ListItem\",\"position\":1,\"name\":\"Accueil\",\"item\":\"https:\/\/www.billauddesign.com\/accueil\/\"},{\"@type\":\"ListItem\",\"position\":2,\"name\":\"Mentions L\u00e9gales\"}]},{\"@type\":\"WebSite\",\"@id\":\"https:\/\/www.billauddesign.com\/accueil\/#website\",\"url\":\"https:\/\/www.billauddesign.com\/accueil\/\",\"name\":\"Billaud Design\",\"description\":\"Magasins de d\u00e9coration Architectes d&#039;int\u00e9rieur Designers Magasins de meubles Coach D\u00e9co\",\"potentialAction\":[{\"@type\":\"SearchAction\",\"target\":{\"@type\":\"EntryPoint\",\"urlTemplate\":\"https:\/\/www.billauddesign.com\/accueil\/?s={search_term_string}\"},\"query-input\":{\"@type\":\"PropertyValueSpecification\",\"valueRequired\":true,\"valueName\":\"search_term_string\"}}],\"inLanguage\":\"fr-FR\"}]}<\/script>\n<!-- \/ Yoast SEO plugin. -->","yoast_head_json":{"title":"Mentions L\u00e9gales - Billaud Design","robots":{"index":"index","follow":"follow","max-snippet":"max-snippet:-1","max-image-preview":"max-image-preview:large","max-video-preview":"max-video-preview:-1"},"canonical":"https:\/\/www.billauddesign.com\/accueil\/mentions-legales\/","og_locale":"fr_FR","og_type":"article","og_title":"Mentions L\u00e9gales - Billaud Design","og_description":"Mentions L\u00e9gales\u200b Ce site a \u00e9t\u00e9 cr\u00e9\u00e9 par l\u2019agence AIOLI dont le si\u00e8ge est bas\u00e9 au 49 Boulevard Amp\u00e8re 85100 Les Sables d\u2019Olonne. (http:\/\/aioli-digital.com\/) \u00a0 VOUS POUVEZ NOUS CONTACTER 2 rue Benjamin Franklin Z.A. Les Petites Bazini\u00e8res85000 La Roche-sur-Yon02 51 62 14 86contact@billauddesign.fr \u00a0 H\u00c9BERGEMENT DU SITE OVH \u2013 SAS au capital de 10 069 [&hellip;]","og_url":"https:\/\/www.billauddesign.com\/accueil\/mentions-legales\/","og_site_name":"Billaud Design","article_modified_time":"2021-09-16T14:08:41+00:00","twitter_card":"summary_large_image","twitter_misc":{"Dur\u00e9e de lecture estim\u00e9e":"4 minutes"},"schema":{"@context":"https:\/\/schema.org","@graph":[{"@type":"WebPage","@id":"https:\/\/www.billauddesign.com\/accueil\/mentions-legales\/","url":"https:\/\/www.billauddesign.com\/accueil\/mentions-legales\/","name":"Mentions L\u00e9gales - Billaud Design","isPartOf":{"@id":"https:\/\/www.billauddesign.com\/accueil\/#website"},"datePublished":"2021-05-03T07:51:31+00:00","dateModified":"2021-09-16T14:08:41+00:00","breadcrumb":{"@id":"https:\/\/www.billauddesign.com\/accueil\/mentions-legales\/#breadcrumb"},"inLanguage":"fr-FR","potentialAction":[{"@type":"ReadAction","target":["https:\/\/www.billauddesign.com\/accueil\/mentions-legales\/"]}]},{"@type":"BreadcrumbList","@id":"https:\/\/www.billauddesign.com\/accueil\/mentions-legales\/#breadcrumb","itemListElement":[{"@type":"ListItem","position":1,"name":"Accueil","item":"https:\/\/www.billauddesign.com\/accueil\/"},{"@type":"ListItem","position":2,"name":"Mentions L\u00e9gales"}]},{"@type":"WebSite","@id":"https:\/\/www.billauddesign.com\/accueil\/#website","url":"https:\/\/www.billauddesign.com\/accueil\/","name":"Billaud Design","description":"Magasins de d\u00e9coration Architectes d&#039;int\u00e9rieur Designers Magasins de meubles Coach D\u00e9co","potentialAction":[{"@type":"SearchAction","target":{"@type":"EntryPoint","urlTemplate":"https:\/\/www.billauddesign.com\/accueil\/?s={search_term_string}"},"query-input":{"@type":"PropertyValueSpecification","valueRequired":true,"valueName":"search_term_string"}}],"inLanguage":"fr-FR"}]}},"_links":{"self":[{"href":"https:\/\/www.billauddesign.com\/accueil\/wp-json\/wp\/v2\/pages\/812","targetHints":{"allow":["GET"]}}],"collection":[{"href":"https:\/\/www.billauddesign.com\/accueil\/wp-json\/wp\/v2\/pages"}],"about":[{"href":"https:\/\/www.billauddesign.com\/accueil\/wp-json\/wp\/v2\/types\/page"}],"author":[{"embeddable":true,"href":"https:\/\/www.billauddesign.com\/accueil\/wp-json\/wp\/v2\/users\/1"}],"replies":[{"embeddable":true,"href":"https:\/\/www.billauddesign.com\/accueil\/wp-json\/wp\/v2\/comments?post=812"}],"version-history":[{"count":28,"href":"https:\/\/www.billauddesign.com\/accueil\/wp-json\/wp\/v2\/pages\/812\/revisions"}],"predecessor-version":[{"id":2815,"href":"https:\/\/www.billauddesign.com\/accueil\/wp-json\/wp\/v2\/pages\/812\/revisions\/2815"}],"wp:attachment":[{"href":"https:\/\/www.billauddesign.com\/accueil\/wp-json\/wp\/v2\/media?parent=812"}],"curies":[{"name":"wp","href":"https:\/\/api.w.org\/{rel}","templated":true}]}}